0112
What is 0 (base 11) in base 12?
0
What is -5 (base 8) in base 3?
-12
What is -214 (base 7) in base 10?
-109
Convert 100110 (base 2) to base 8.
46
Convert -1010 (base 2) to base 16.
-a
Convert 0 (base 3) to base 16.
0
Convert -2 (base 11) to base 5.
-2
What is c (base 15) in base 16?
c
-16 (base 11) to base 13
-14
What is -4 (base 7) in base 4?
-10
-b (base 14) to base 10
-11
1111 (base 3) to base 6
104
1 (base 11) to base 12
1
What is -5 (base 14) in base 16?
-5
What is 15 (base 14) in base 4?
103
Convert -7 (base 10) to base 8.
-7
-101 (base 2) to base 14
-5
2 (base 12) to base 11
2
-12 (base 4) to base 10
-6
What is -21 (base 8) in base 13?
-14
423 (base 6) to base 9
186
Convert 100111011 (base 2) to base 8.
473
What is 27 (base 12) in base 4?
133
What is 47 (base 15) in base 7?
124
-121 (base 8) to base 5
-311
What is -7 (base 8) in base 16?
-7
Convert -21 (base 3) to base 7.
-10
-23 (base 9) to base 7
-30
Convert 1 (base 11) to base 9.
1
What is 10 (base 12) in base 4?
30
Convert -1 (base 5) to base 3.
-1
What is 0 (base 13) in base 15?
0
Convert 1 (base 5) to base 16.
1
Convert 15 (base 11) to base 4.
100
-1 (base 8) to base 14
-1
What is -158 (base 9) in base 16?
-86
-22 (base 11) to base 7
-33
What is 11010001 (base 2) in base 7?
416
Convert -11 (base 13) to base 11.
-13
2e (base 16) to base 9
51
Convert 0 (base 13) to base 11.
0
What is 123 (base 11) in base 5?
1041
Convert 14 (base 14) to base 9.
20
15 (base 6) to base 2
1011
What is -13 (base 8) in base 5?
-21
Convert -82 (base 16) to base 12.
-aa
-5 (base 13) to base 5
-10
What is -100 (base 2) in base 9?
-4
6 (base 12) to base 11
6
-310 (base 5) to base 13
-62
Convert 35 (base 6) to base 3.
212
100011 (base 2) to base 12
2b
Convert -12112 (base 3) to base 9.
-175
What is -1002 (base 4) in base 13?
-51
Convert 4 (base 10) to base 12.
4
Convert 3 (base 4) to base 5.
3
128 (base 15) to base 10
263
11 (base 9) to base 3
101
Convert -1d (base 16) to base 5.
-104
What is -3 (base 14) in base 10?
-3
Convert -9 (base 10) to base 9.
-10
What is 66 (base 15) in base 4?
1200
80 (base 13) to base 8
150
What is 97 (base 12) in base 2?
1110011
Convert 3a (base 15) to base 9.
61
-3 (base 4) to base 2
-11
What is 325 (base 9) in base 10?
266
41 (base 12) to base 16
31
-2 (base 6) to base 4
-2
What is 1 (base 6) in base 3?
1
-4 (base 11) to base 13
-4
-41 (base 11) to base 6
-113
What is -13 (base 5) in base 16?
-8
Convert -1120 (base 3) to base 7.
-60
-5 (base 8) to base 10
-5
What is -d9 (base 15) in base 8?
-314
What is 3 (base 16) in base 9?
3
-111 (base 4) to base 13
-18
What is 6 (base 9) in base 15?
6
Convert 60 (base 9) to base 11.
4a
What is -3 (base 13) in base 8?
-3
Convert -b (base 12) to base 9.
-12
1 (base 5) to base 6
1
What is 4 (base 6) in base 2?
100
14 (base 10) to base 7
20
0 (base 5) to base 4
0
-1 (base 4) to base 8
-1
Convert 12 (base 9) to base 4.
23
49 (base 14) to base 8
101
Convert 1 (base 5) to base 4.
1
Convert 2 (base 6) to base 13.
2
Convert 0 (base 10) to base 8.
0
What is 0 (base 2) in base 10?
0
What is -3 (base 5) in base 4?
-3
11 (base 14) to base 3
120
What is 33 (base 4) in base 9?
16
Convert 3 (base 16) to base 6.
3
0 (base 3) to base 15
0
What is 4 (base 12) in base 4?
10
-10 (base 4) to base 11
-4
What is -13 (base 10) in base 9?
-14
What is 4 (base 9) in base 8?
4
-26 (base 11) to base 15
-1d
Convert 22121 (base 3) to base 15.
107
What is 3 (base 16) in base 6?
3
-52 (base 6) to base 5
-112
Convert 3 (base 7) to base 9.
3
Convert 10011 (base 2) to base 13.
16
-5b (base 16) to base 8
-133
-2 (base 4) to base 16
-2
-21100 (base 3) to base 12
-146
What is 2 (base 4) in base 6?
2
Convert 1100 (base 2) to base 13.
c
Convert -5 (base 13) to base 15.
-5
What is 3 (base 14) in base 5?
3
What is -14 (base 5) in base 13?
-9
-39 (base 15) to base 8
-66
Convert 1 (base 9) to base 13.
1
-9 (base 14) to base 11
-9
Convert 0 (base 3) to base 2.
0
Convert 7 (base 12) to base 13.
7
Convert 5 (base 11) to base 9.
5
-2 (base 3) to base 7
-2
-301 (base 8) to base 7
-364
What is -3 (base 6) in base 16?
-3
-10 (base 4) to base 5
-4
What is -1021 (base 5) in base 6?
-344
Convert -5 (base 16) to base 14.
-5
201 (base 13) to base 5
2324
Convert -1021 (base 3) to base 8.
-42
-131 (base 6) to base 3
-2001
What is -1041 (base 5) in base 9?
-172
10110011 (base 2) to base 10
179
-333 (base 5) to base 13
-72
What is -12 (base 9) in base 12?
-b
Convert -144 (base 6) to base 7.
-121
What is 273 (base 10) in base 9?
333
What is -4 (base 13) in base 16?
-4
21 (base 16) to base 15
23
Convert 2 (base 11) to base 6.
2
What is 113 (base 7) in base 5?
214
4 (base 7) to base 11
4
351 (base 7) to base 16
b7
What is -40 (base 14) in base 10?
-56
16 (base 7) to base 12
11
-4 (base 10) to base 8
-4
0 (base 15) to base 7
0
What is -2 (base 13) in base 5?
-2
35 (base 8) to base 13
23
What is 5 (base 16) in base 6?
5
What is -4 (base 5) in base 6?
-4
Convert 9 (base 15) to base 5.
14
Convert -11 (base 3) to base 5.
-4
-42 (base 8) to base 3
-1021
Convert 10 (base 2) to base 6.
2
Convert 1100101 (base 2) to base 16.
65
-148 (base 11) to base 6
-445
What is a (base 15) in base 2?
1010
14 (base 8) to base 3
110
Convert 55 (base 8) to base 13.
36
What is 7 (base 15) in base 4?
13
-70 (base 11) to base 5
-302
-4 (base 12) to base 9
-4
Convert 5e (base 15) to base 10.
89
0 (base 11) to base 15
0
What is -228 (base 11) in base 5?
-2042
Convert 12 (base 3) to base 13.
5
What is 12 (base 3) in base 13?
5
What is 202 (base 4) in base 11?
31
Convert 323 (base 7) to base 5.
1124
6 (base 10) to base 6
10
Convert 1 (base 11) to base 4.
1
What is 1213 (base 4) in base 5?
403
-4 (base 15) to base 8
-4
-19 (base 15) to base 3
-220
What is -155 (base 8) in base 14?
-7b
What is d (base 15) in base 13?
10
Convert -3 (base 16) to base 7.
-3
Convert -140 (base 5) to base 10.
-45
Convert 1 (base 9) to base 15.
1
What is -22 (base 3) in base 11?
-8
-c (base 14) to base 4
-30
-47 (base 13) to base 9
-65
-215 (base 8) to base 14
-a1
-21 (base 4) to base 11
-9
Convert -133 (base 4) to base 2.
-11111
What is 17 (base 8) in base 4?
33
What is 6 (base 14) in base 9?
6
Convert -8 (base 15) to base 7.
-11
Convert 4 (base 11) to base 3.
11
1 (base 4) to base 7
1
-c4 (base 13) to base 7
-316
Convert -e8 (base 15) to base 3.
-22002
1 (base 14) to base 4
1
What is 10101 (base 3) in base 8?
133
2 (base 16) to base 12
2
Convert 18 (base 9) to base 5.
32
What is -5 (base 10) in base 9?
-5
Convert 144 (base 13) to base 12.
169
2300 (base 4) to base 5
1201
Convert 1 (base 10) to base 3.
1
Convert 128 (base 9) to base 14.
79
Convert 6 (base 8) to base 12.
6
101 (base 4) to base 8
21
What is 10 (base 9) in base 16?
9
What is 11 (base 4) in base 6?
5
1d (base 16) to base 4
131
What is 11 (base 7) in base 13?
8
What is a (base 14) in base 5?
20
What is -2 (base 13) in base 8?
-2
-31 (base 5) to base 7
-22
What is 2 (base 7) in base 14?
2
Convert -22 (base 7) to base 12.
-14
What is 8 (base 13) in base 11?
8
Convert 100002 (base 3) to base 7.
500
1 (base 10) to base 11
1
What is -131 (base 4) in base 5?
-104
Convert -5 (base 11) to base 8.
-5
Convert 104 (base 15) to base 16.
e5
-1 (base 13) to base 3
-1
What is 6 (base 11) in base 6?
10
a1 (base 11) to base 5
421
1100 (base 3) to base 13
2a
Convert -3 (base 16) to base 2.
-11
2 (base 7) to base 16
2
-6 (base 12) to base 14
-6
What is 23 (base 4) in base 15?
b
What is 8 (base 15) in base 4?
20
Convert -1000010 (base 2) to base 7.
-123
Convert 23 (base 8) to base 6.
31
Convert 1 (base 13) to base 4.
1
Convert 24 (base 8) to base 16.
14
Convert -104 (base 7) to base 2.
-110101
Convert 32 (base 6) to base 7.
26
-10111 (base 2) to base 13
-1a
Convert 7 (base 14) to base 12.
7
Convert -11 (base 9) to base 16.
-a
-545 (base 6) to base 9
-252
Convert 322 (base 9) to base 11.
21a
What is 2 (base 11) in base 13?
2
Convert 1c (base 13) to base 4.
121
What is 2 (base 7) in base 8?
2
What is -84 (base 16) in base 14?
-96
Convert 34 (base 13) to base 6.
111
-16 (base 16) to base 13
-19
Convert a (base 16) to base 6.
14
-10010 (base 2) to base 13
-15
Convert -50 (base 14) to base 4.
-1012
1001 (base 2) to base 16
9
What is -120 (base 5) in base 4?
-203
What is -5 (base 6) in base 15?
-5
What is 0 (base 